[INFO] fetching crate gap_vec 0.1.0...
[INFO] checking gap_vec-0.1.0 against try#72f88fc4e9458f89516a0b8b0868f3718aec5b47 for pr-74989
[INFO] extracting crate gap_vec 0.1.0 into /workspace/builds/worker-4/source
[INFO] validating manifest of crates.io crate gap_vec 0.1.0 on toolchain 72f88fc4e9458f89516a0b8b0868f3718aec5b47
[INFO] running `Command { std: "/workspace/cargo-home/bin/cargo" "+72f88fc4e9458f89516a0b8b0868f3718aec5b47" "read-manifest" "--manifest-path" "Cargo.toml", kill_on_drop: false }`
[INFO] started tweaking crates.io crate gap_vec 0.1.0
[INFO] finished tweaking crates.io crate gap_vec 0.1.0
[INFO] tweaked toml for crates.io crate gap_vec 0.1.0 written to /workspace/builds/worker-4/source/Cargo.toml
[INFO] running `Command { std: "/workspace/cargo-home/bin/cargo" "+72f88fc4e9458f89516a0b8b0868f3718aec5b47" "generate-lockfile" "--manifest-path" "Cargo.toml" "-Zno-index-update", kill_on_drop: false }`
[INFO] running `Command { std: "/workspace/cargo-home/bin/cargo" "+72f88fc4e9458f89516a0b8b0868f3718aec5b47" "fetch" "--locked" "--manifest-path" "Cargo.toml", kill_on_drop: false }`
[INFO] running `Command { std: "docker" "create" "-v" "/var/lib/crater-agent-workspace/builds/worker-4/target:/opt/rustwide/target:rw,Z" "-v" "/var/lib/crater-agent-workspace/builds/worker-4/source:/opt/rustwide/workdir:ro,Z" "-v" "/var/lib/crater-agent-workspace/cargo-home:/opt/rustwide/cargo-home:ro,Z" "-v" "/var/lib/crater-agent-workspace/rustup-home:/opt/rustwide/rustup-home:ro,Z" "-e" "SOURCE_DIR=/opt/rustwide/workdir" "-e" "CARGO_TARGET_DIR=/opt/rustwide/target" "-e" "CARGO_HOME=/opt/rustwide/cargo-home" "-e" "RUSTUP_HOME=/opt/rustwide/rustup-home" "-w" "/opt/rustwide/workdir" "-m" "1610612736" "--user" "0:0" "--network" "none" "rustops/crates-build-env@sha256:d92eaeed33fa75130ca1ee6c8a01d1ffb62bac859dfdfb3450e3e5d1c0146529" "/opt/rustwide/cargo-home/bin/cargo" "+72f88fc4e9458f89516a0b8b0868f3718aec5b47" "metadata" "--no-deps" "--format-version=1", kill_on_drop: false }`
[INFO] [stdout] d434cba0b28104f75ad15d3fd5522a719956ed85f8e920ee6fb0c4eb1455e74e
[INFO] [stderr] WARNING: Your kernel does not support swap limit capabilities or the cgroup is not mounted. Memory limited without swap.
[INFO] running `Command { std: "docker" "start" "-a" "d434cba0b28104f75ad15d3fd5522a719956ed85f8e920ee6fb0c4eb1455e74e", kill_on_drop: false }`
[INFO] running `Command { std: "docker" "inspect" "d434cba0b28104f75ad15d3fd5522a719956ed85f8e920ee6fb0c4eb1455e74e", kill_on_drop: false }`
[INFO] running `Command { std: "docker" "rm" "-f" "d434cba0b28104f75ad15d3fd5522a719956ed85f8e920ee6fb0c4eb1455e74e", kill_on_drop: false }`
[INFO] [stdout] d434cba0b28104f75ad15d3fd5522a719956ed85f8e920ee6fb0c4eb1455e74e
[INFO] running `Command { std: "docker" "create" "-v" "/var/lib/crater-agent-workspace/builds/worker-4/target:/opt/rustwide/target:rw,Z" "-v" "/var/lib/crater-agent-workspace/builds/worker-4/source:/opt/rustwide/workdir:ro,Z" "-v" "/var/lib/crater-agent-workspace/cargo-home:/opt/rustwide/cargo-home:ro,Z" "-v" "/var/lib/crater-agent-workspace/rustup-home:/opt/rustwide/rustup-home:ro,Z" "-e" "SOURCE_DIR=/opt/rustwide/workdir" "-e" "CARGO_TARGET_DIR=/opt/rustwide/target" "-e" "CARGO_INCREMENTAL=0" "-e" "RUST_BACKTRACE=full" "-e" "RUSTFLAGS=--cap-lints=forbid" "-e" "CARGO_HOME=/opt/rustwide/cargo-home" "-e" "RUSTUP_HOME=/opt/rustwide/rustup-home" "-w" "/opt/rustwide/workdir" "-m" "1610612736" "--user" "0:0" "--network" "none" "rustops/crates-build-env@sha256:d92eaeed33fa75130ca1ee6c8a01d1ffb62bac859dfdfb3450e3e5d1c0146529" "/opt/rustwide/cargo-home/bin/cargo" "+72f88fc4e9458f89516a0b8b0868f3718aec5b47" "check" "--frozen" "--all" "--all-targets" "--message-format=json", kill_on_drop: false }`
[INFO] [stdout] 87161aa70b5bca4832908e7c1178386eec3371347ecdbac602ccb793a992d41d
[INFO] [stderr] WARNING: Your kernel does not support swap limit capabilities or the cgroup is not mounted. Memory limited without swap.
[INFO] running `Command { std: "docker" "start" "-a" "87161aa70b5bca4832908e7c1178386eec3371347ecdbac602ccb793a992d41d", kill_on_drop: false }`
[INFO] [stderr]     Checking gap_vec v0.1.0 (/opt/rustwide/workdir)
[INFO] [stdout] error[E0599]: no method named `cap` found for struct `RawVec<T>` in the current scope
[INFO] [stdout]    --> src/lib.rs:147:18
[INFO] [stdout]     |
[INFO] [stdout] 147 |         self.buf.cap()
[INFO] [stdout]     |                  ^^^ private field, not a method
[INFO] [stdout] 
[INFO] [stdout] 
[INFO] [stdout] error[E0599]: no method named `cap` found for struct `RawVec<_>` in the current scope
[INFO] [stdout]    --> src/lib.rs:306:49
[INFO] [stdout]     |
[INFO] [stdout] 306 |         let new_gap = self.gap.start .. new_buf.cap() - after_gap;
[INFO] [stdout]     |                                                 ^^^ private field, not a method
[INFO] [stdout] 
[INFO] [stdout] 
[INFO] [stdout] error: aborting due to 2 previous errors
[INFO] [stdout] 
[INFO] [stdout] 
[INFO] [stdout] For more information about this error, try `rustc --explain E0599`.
[INFO] [stdout] 
[INFO] [stderr] error: could not compile `gap_vec`.
[INFO] [stderr] 
[INFO] [stderr] To learn more, run the command again with --verbose.
[INFO] [stderr] warning: build failed, waiting for other jobs to finish...
[INFO] [stdout] error[E0599]: no method named `cap` found for struct `RawVec<T>` in the current scope
[INFO] [stdout]    --> src/lib.rs:147:18
[INFO] [stdout]     |
[INFO] [stdout] 147 |         self.buf.cap()
[INFO] [stdout]     |                  ^^^ private field, not a method
[INFO] [stdout] 
[INFO] [stdout] 
[INFO] [stdout] error[E0599]: no method named `cap` found for struct `RawVec<_>` in the current scope
[INFO] [stdout]    --> src/lib.rs:306:49
[INFO] [stdout]     |
[INFO] [stdout] 306 |         let new_gap = self.gap.start .. new_buf.cap() - after_gap;
[INFO] [stdout]     |                                                 ^^^ private field, not a method
[INFO] [stdout] 
[INFO] [stdout] 
[INFO] [stdout] error: aborting due to 2 previous errors
[INFO] [stdout] 
[INFO] [stdout] 
[INFO] [stdout] For more information about this error, try `rustc --explain E0599`.
[INFO] [stdout] 
[INFO] [stderr] error: build failed
[INFO] running `Command { std: "docker" "inspect" "87161aa70b5bca4832908e7c1178386eec3371347ecdbac602ccb793a992d41d", kill_on_drop: false }`
[INFO] running `Command { std: "docker" "rm" "-f" "87161aa70b5bca4832908e7c1178386eec3371347ecdbac602ccb793a992d41d", kill_on_drop: false }`
[INFO] [stdout] 87161aa70b5bca4832908e7c1178386eec3371347ecdbac602ccb793a992d41d
